{"version":"1.0","provider_name":"Olot Cultura","provider_url":"https:\/\/www.olotcultura.cat\/escultures","author_name":"admin","author_url":"https:\/\/www.olotcultura.cat\/escultures\/author\/admin\/","title":"Homenatge a Marconi - Olot Cultura","type":"rich","width":600,"height":338,"html":"<blockquote class=\"wp-embedded-content\" data-secret=\"Fhwvy2LOON\"><a href=\"https:\/\/www.olotcultura.cat\/escultures\/escultures\/homenatge-a-marconi\/\">Homenatge a Marconi<\/a><\/blockquote><iframe sandbox=\"allow-scripts\" security=\"restricted\" src=\"https:\/\/www.olotcultura.cat\/escultures\/escultures\/homenatge-a-marconi\/embed\/#?secret=Fhwvy2LOON\" width=\"600\" height=\"338\" title=\"&#8220;Homenatge a Marconi&#8221; &#8212; Olot Cultura\" data-secret=\"Fhwvy2LOON\" frameborder=\"0\" marginwidth=\"0\" marginheight=\"0\" scrolling=\"no\" class=\"wp-embedded-content\"><\/iframe><script type=\"text\/javascript\">\n\/* <![CDATA[ *\/\n\/*! This file is auto-generated *\/\n!function(d,l){\"use strict\";l.querySelector&&d.addEventListener&&\"undefined\"!=typeof URL&&(d.wp=d.wp||{},d.wp.receiveEmbedMessage||(d.wp.receiveEmbedMessage=function(e){var t=e.data;if((t||t.secret||t.message||t.value)&&!\/[^a-zA-Z0-9]\/.test(t.secret)){for(var s,r,n,a=l.querySelectorAll('iframe[data-secret=\"'+t.secret+'\"]'),o=l.querySelectorAll('blockquote[data-secret=\"'+t.secret+'\"]'),c=new RegExp(\"^https?:$\",\"i\"),i=0;i<o.length;i++)o[i].style.display=\"none\";for(i=0;i<a.length;i++)s=a[i],e.source===s.contentWindow&&(s.removeAttribute(\"style\"),\"height\"===t.message?(1e3<(r=parseInt(t.value,10))?r=1e3:~~r<200&&(r=200),s.height=r):\"link\"===t.message&&(r=new URL(s.getAttribute(\"src\")),n=new URL(t.value),c.test(n.protocol))&&n.host===r.host&&l.activeElement===s&&(d.top.location.href=t.value))}},d.addEventListener(\"message\",d.wp.receiveEmbedMessage,!1),l.addEventListener(\"DOMContentLoaded\",function(){for(var e,t,s=l.querySelectorAll(\"iframe.wp-embedded-content\"),r=0;r<s.length;r++)(t=(e=s[r]).getAttribute(\"data-secret\"))||(t=Math.random().toString(36).substring(2,12),e.src+=\"#?secret=\"+t,e.setAttribute(\"data-secret\",t)),e.contentWindow.postMessage({message:\"ready\",secret:t},\"*\")},!1)))}(window,document);\n\/\/# sourceURL=https:\/\/www.olotcultura.cat\/escultures\/wp-includes\/js\/wp-embed.min.js\n\/* ]]> *\/\n<\/script>\n","thumbnail_url":"https:\/\/www.olotcultura.cat\/escultures\/wp-content\/uploads\/2017\/08\/radio2_pf.jpg","thumbnail_width":600,"thumbnail_height":450,"description":"Rosa Serra Puigvert DATA D&#8217;INAUGURACI\u00d3 19 de setembre de 1976 TEMA Formes MATERIAL Pedra MIDES 50,5 x 80 x 8 cm FORMA D&#8217;INGR\u00c9S Donaci\u00f3 FONT D&#8217;INGR\u00c9S Rosa Serra Puigvert UBICACI\u00d3 Pla\u00e7a del Mig, Nucli Antic Es tracta d\u2019un relleu rectangular amb un fons texturat amb incisions i empremtes sobre el qual hi destaquen unes lletres. A l\u2019angle superior dret hi ha superposat un quadrat amb el logotip de R\u00e0dio Olot, tamb\u00e9 en relleu. Aquest relleu es va inaugurar el 19 de setembre, data en qu\u00e8 l\u2019emissora local celebrava el seu 25\u00e8 aniversari. En un principi es va col\u00b7locar a la fa\u00e7ana de la seu de R\u00e0dio Olot, llavors situada a la pla\u00e7a del Carme. Despr\u00e9s d\u2019unes paraules de Josep Puigb\u00f3, el llavors director Antoni Pascual de Fortuny va descobrir la placa en homenatge al f\u00edsic itali\u00e0 Guglielmo Marconi (1874 \u2013 1937), premi Nobel de f\u00edsica 1909, que va estudiar les aplicacions de les ones electromagn\u00e8tiques i la seva propagaci\u00f3 en l\u2019aire i considerat el pare de la retransmissi\u00f3 sense fils. La placa va ser un obsequi de l\u2019escultora. El 1990 es va traslladar l\u2019emissora a Can Trincheria i el relleu tamb\u00e9 va ser traslladat. BIBLIOGRAFIA La Garrotxa (Olot) (3 setembre [&hellip;]"}

Rosa Serra Puigvert DATA D&#8217;INAUGURACIÓ 19 de setembre de 1976 TEMA Formes MATERIAL Pedra MIDES 50,5 x 80 x 8 cm FORMA D&#8217;INGRÉS Donació FONT D&#8217;INGRÉS Rosa Serra Puigvert UBICACIÓ Plaça del Mig, Nucli Antic Es tracta d’un relleu rectangular amb un fons texturat amb incisions i empremtes sobre el qual hi destaquen unes lletres. A l’angle superior dret hi ha superposat un quadrat amb el logotip de Ràdio Olot, també en relleu. Aquest relleu es va inaugurar el 19 de setembre, data en què l’emissora local celebrava el seu 25è aniversari. En un principi es va col·locar a la façana de la seu de Ràdio Olot, llavors situada a la plaça del Carme. Després d’unes paraules de Josep Puigbó, el llavors director Antoni Pascual de Fortuny va descobrir la placa en homenatge al físic italià Guglielmo Marconi (1874 – 1937), premi Nobel de física 1909, que va estudiar les aplicacions de les ones electromagnètiques i la seva propagació en l’aire i considerat el pare de la retransmissió sense fils. La placa va ser un obsequi de l’escultora. El 1990 es va traslladar l’emissora a Can Trincheria i el relleu també va ser traslladat. BIBLIOGRAFIA La Garrotxa (Olot) (3 setembre [&hellip;]
